{"id":26,"date":"2022-07-22T12:49:32","date_gmt":"2022-07-22T12:49:32","guid":{"rendered":"http:\/\/bechele.de\/?page_id=26"},"modified":"2022-09-23T13:36:28","modified_gmt":"2022-09-23T13:36:28","slug":"impressum","status":"publish","type":"page","link":"https:\/\/bechele.de\/?page_id=26","title":{"rendered":"Impressum"},"content":{"rendered":"\n<p><strong>Der Betreiber von bechele.de ist eine Privatperson<\/strong><\/p>\n\n\n\n<p><strong>The carrier of bechele.de is a private person<\/strong><\/p>\n\n\n\n<p>Rolf Jethon<br>Schulstr. 19<br>72181 Starzach<br>OT B\u00f6rstingen<br>Tel.: +49-7457-941231<br>Mobil: +49157-7203-9919<\/p>\n\n\n\n<div class=\"wp-block-group is-nowrap is-layout-flex wp-container-core-group-is-layout-ad2f72ca wp-block-group-is-layout-flex\">\n<p>E-Mail:<\/p>\n\n\n\n<figure class=\"wp-block-image size-full\"><img loading=\"lazy\" decoding=\"async\" width=\"318\" height=\"77\" src=\"https:\/\/bechele.de\/wp-content\/uploads\/2022\/07\/47-1.png\" alt=\"\" class=\"wp-image-255\" srcset=\"https:\/\/bechele.de\/wp-content\/uploads\/2022\/07\/47-1.png 318w, https:\/\/bechele.de\/wp-content\/uploads\/2022\/07\/47-1-300x73.png 300w\" sizes=\"auto, (max-width: 318px) 100vw, 318px\" \/><\/figure>\n<\/div>\n\n\n\n<p>Entsprechend der <a href=\"https:\/\/dsgvo-gesetz.de\/\">DSGVO<\/a> , wird ausdr\u00fccklich darauf hingewiesen dass auf dieser Site keine pers\u00f6nlichen Daten gespeichert werden. Um jedoch die Grundfunktionen der Seite zu gew\u00e4hrleisten werden nur unvermeidbar notwendige Cookies in ihrem Browser gespeichert. Anfallende Daten werden weder dauerhaft gespeichert, weiterverarbeitet noch an Dritte weitergegeben.<\/p>\n\n\n\n<p><strong>Schutzrechtsverletzung<\/strong><br>Falls Sie vermuten, dass auf dieser Website eines Ihrer Schutzrechte verletzt wird, teilen Sie mir dies bitte umgehend per Email mit, damit z\u00fcgig Abhilfe geschaffen werden kann. Bitte beachten Sie: Die zeitaufw\u00e4ndige Einschaltung eines Anwaltes und einer f\u00fcr den Betreiber kostenpflichtigen Abmahnung entspricht nicht dessen wirklichen oder mutma\u00dflichen Willen.<\/p>\n","protected":false},"excerpt":{"rendered":"<p>Der Betreiber von bechele.de ist eine Privatperson The carrier of bechele.de is a private person Rolf JethonSchulstr. 1972181 StarzachOT B\u00f6rstingenTel.: +49-7457-941231Mobil: +49157-7203-9919 E-Mail: Entsprechend der&hellip;<\/p>\n","protected":false},"author":2,"featured_media":0,"parent":0,"menu_order":0,"comment_status":"open","ping_status":"closed","template":"","meta":{"footnotes":""},"class_list":["post-26","page","type-page","status-publish","hentry"],"_links":{"self":[{"href":"https:\/\/bechele.de\/index.php?rest_route=\/wp\/v2\/pages\/26","targetHints":{"allow":["GET"]}}],"collection":[{"href":"https:\/\/bechele.de\/index.php?rest_route=\/wp\/v2\/pages"}],"about":[{"href":"https:\/\/bechele.de\/index.php?rest_route=\/wp\/v2\/types\/page"}],"author":[{"embeddable":true,"href":"https:\/\/bechele.de\/index.php?rest_route=\/wp\/v2\/users\/2"}],"replies":[{"embeddable":true,"href":"https:\/\/bechele.de\/index.php?rest_route=%2Fwp%2Fv2%2Fcomments&post=26"}],"version-history":[{"count":4,"href":"https:\/\/bechele.de\/index.php?rest_route=\/wp\/v2\/pages\/26\/revisions"}],"predecessor-version":[{"id":811,"href":"https:\/\/bechele.de\/index.php?rest_route=\/wp\/v2\/pages\/26\/revisions\/811"}],"wp:attachment":[{"href":"https:\/\/bechele.de\/index.php?rest_route=%2Fwp%2Fv2%2Fmedia&parent=26"}],"curies":[{"name":"wp","href":"https:\/\/api.w.org\/{rel}","templated":true}]}}